{"id":1570,"date":"2026-01-12T22:11:39","date_gmt":"2026-01-13T03:11:39","guid":{"rendered":"https:\/\/lightgoldenrodyellow-mule-638612.hostingersite.com\/?page_id=1570"},"modified":"2026-01-13T08:49:27","modified_gmt":"2026-01-13T13:49:27","slug":"que-es-ciberfiloginia-2","status":"publish","type":"page","link":"https:\/\/ciberfiloginia.online\/index.php\/que-es-ciberfiloginia-2\/","title":{"rendered":"\u00bfQu\u00e9 es Ciberfiloginia?"},"content":{"rendered":"\n<p class=\"animated fadeIn\">La cultura patriarcal permea todas las esferas de la sociedad, con la democratizaci\u00f3n de las nuevas tecnolog\u00edas de informaci\u00f3n y comunicaci\u00f3n, TICs, han emergido conductas sexistas y mis\u00f3ginas que agudizan las violencias basadas en g\u00e9nero en los entornos digitales, con el agravante de que, al salir del ciberespacio, los intercambios o interacciones pueden convertirse en agresiones f\u00edsicas, sexuales o secuestros, y las v\u00edctimas en su mayor\u00eda son las mujeres y la ni\u00f1ez, lo que implica que la interacci\u00f3n online incide significativamente en los todos los espacios de la vida offline.<\/p>\n\n\n\n<p class=\"animated fadeIn\">Para contrarrestar las violencias y fomentar espacios de respeto y diversidad en los entornos digitales nace Ciberfiloginia, un espacio web que pretende dar conocimiento, clasificar y describir las diversas modalidades de violencia online y offline, presentar para el caso de Colombia, pasos para la justicia y tips para el autocuidado de las mujeres. <\/p>\n\n\n\n<p class=\"animated fadeIn\">Ciberfiloginia es un micrositio web de informaci\u00f3n para afrontar las violencias de g\u00e9nero en el ciberespacio. \u00bfPor qu\u00e9 hacer referencia a la filoginia? Porque es un concepto que se refiere a la apreciaci\u00f3n de los valores asociados a lo femenino, al amor, admiraci\u00f3n o respeto hacia las mujeres y contrario de la misoginia. Ciberfiloginia es entonces, una apuesta por un ciberespacio seguro, de respeto y dignidad hacia las mujeres, para orientar sobre las diversas modalidades de agresi\u00f3n y violencia hacia las mujeres en los entornos digitales.<\/p>\n\n\n\n<p class=\"animated fadeIn\">En este espacio web las mujeres en Colombia podr\u00e1n identificar la importancia de conocer las diversas modalidades de violencia digital y disponer de una informaci\u00f3n sobre la justicia, con enlaces hacia otras herramientas de denuncia digital para subrayar mensajes mis\u00f3ginos y con canales para detener la difusi\u00f3n de im\u00e1genes \u00edntimas sin consentimiento.<\/p>\n","protected":false},"excerpt":{"rendered":"<p>La cultura patriarcal permea todas las esferas de la sociedad, con la democratizaci\u00f3n de las nuevas tecnolog\u00edas de informaci\u00f3n y comunicaci\u00f3n, TICs, han emergido conductas sexistas y mis\u00f3ginas que agudizan las violencias basadas en g\u00e9nero en los entornos digitales, con el agravante de que, al salir del ciberespacio, los intercambios o interacciones pueden convertirse en agresiones f\u00edsicas, sexuales o secuestros, y las v\u00edctimas en su mayor\u00eda son las mujeres y la ni\u00f1ez, lo que implica que la interacci\u00f3n online incide significativamente en los todos los espacios de la vida offline. Para contrarrestar las violencias y fomentar espacios de respeto y diversidad en los entornos digitales nace Ciberfiloginia, un espacio web que pretende dar conocimiento, clasificar y describir las diversas modalidades de violencia online y offline, presentar para el caso de Colombia, pasos para la justicia y tips para el autocuidado de las mujeres. Ciberfiloginia es un micrositio web de informaci\u00f3n para afrontar las violencias de g\u00e9nero en el ciberespacio. \u00bfPor qu\u00e9 hacer referencia a la filoginia? Porque es un concepto que se refiere a la apreciaci\u00f3n de los valores asociados a lo femenino, al amor, admiraci\u00f3n o respeto hacia las mujeres y contrario de la misoginia. Ciberfiloginia es entonces, una apuesta por un ciberespacio seguro, de respeto y dignidad hacia las mujeres, para orientar sobre las diversas modalidades de agresi\u00f3n y violencia hacia las mujeres en los entornos digitales. En este espacio web las mujeres en Colombia podr\u00e1n identificar la importancia de conocer las diversas modalidades de violencia digital y disponer de una informaci\u00f3n sobre la justicia, con enlaces hacia otras herramientas de denuncia digital para subrayar mensajes mis\u00f3ginos y con canales para detener la difusi\u00f3n de im\u00e1genes \u00edntimas sin consentimiento.<\/p>\n","protected":false},"author":1,"featured_media":1576,"parent":0,"menu_order":0,"comment_status":"closed","ping_status":"closed","template":"","meta":{"footnotes":""},"class_list":["post-1570","page","type-page","status-publish","has-post-thumbnail","hentry"],"_hostinger_reach_plugin_has_subscription_block":false,"_hostinger_reach_plugin_is_elementor":false,"_links":{"self":[{"href":"https:\/\/ciberfiloginia.online\/index.php\/wp-json\/wp\/v2\/pages\/1570","targetHints":{"allow":["GET"]}}],"collection":[{"href":"https:\/\/ciberfiloginia.online\/index.php\/wp-json\/wp\/v2\/pages"}],"about":[{"href":"https:\/\/ciberfiloginia.online\/index.php\/wp-json\/wp\/v2\/types\/page"}],"author":[{"embeddable":true,"href":"https:\/\/ciberfiloginia.online\/index.php\/wp-json\/wp\/v2\/users\/1"}],"replies":[{"embeddable":true,"href":"https:\/\/ciberfiloginia.online\/index.php\/wp-json\/wp\/v2\/comments?post=1570"}],"version-history":[{"count":1,"href":"https:\/\/ciberfiloginia.online\/index.php\/wp-json\/wp\/v2\/pages\/1570\/revisions"}],"predecessor-version":[{"id":1571,"href":"https:\/\/ciberfiloginia.online\/index.php\/wp-json\/wp\/v2\/pages\/1570\/revisions\/1571"}],"wp:featuredmedia":[{"embeddable":true,"href":"https:\/\/ciberfiloginia.online\/index.php\/wp-json\/wp\/v2\/media\/1576"}],"wp:attachment":[{"href":"https:\/\/ciberfiloginia.online\/index.php\/wp-json\/wp\/v2\/media?parent=1570"}],"curies":[{"name":"wp","href":"https:\/\/api.w.org\/{rel}","templated":true}]}}