{"id":1232,"date":"2026-01-06T19:46:11","date_gmt":"2026-01-07T00:46:11","guid":{"rendered":"https:\/\/lightgoldenrodyellow-mule-638612.hostingersite.com\/?page_id=1232"},"modified":"2026-01-11T19:29:45","modified_gmt":"2026-01-12T00:29:45","slug":"stalking-digital","status":"publish","type":"page","link":"https:\/\/ciberfiloginia.online\/index.php\/stalking-digital\/","title":{"rendered":"Stalking digital"},"content":{"rendered":"<div class=\"wp-block-image\">\n<figure class=\"aligncenter size-full\"><img loading=\"lazy\" decoding=\"async\" width=\"258\" height=\"289\" src=\"https:\/\/ciberfiloginia.online\/wp-content\/uploads\/2026\/01\/stalking.png\" alt=\"\" class=\"wp-image-1406\"\/><\/figure>\n<\/div>\n\n\n<div style=\"height:30px\" aria-hidden=\"true\" class=\"wp-block-spacer\"><\/div>\n\n\n\n<hr class=\"wp-block-separator has-alpha-channel-opacity\"\/>\n\n\n\n<h2 class=\"wp-block-heading alignwide has-text-align-center\" id=\"we-re-a-studio-in-berlin-with-an-international-practice-in-architecture-urban-planning-and-interior-design-we-believe-in-sharing-knowledge-and-promoting-dialogue-to-increase-the-creative-potential-of-collaboration\" style=\"font-size:48px;line-height:1.1\">&nbsp;<strong>Stalking digital, cyberstalking, o ciberpersecuci\u00f3n: Vigilancia obsesiva de la actividad online de una persona o grupo, con mensajes insistentes o invasivos.<\/strong><\/h2>\n\n\n\n<hr class=\"wp-block-separator has-alpha-channel-opacity\"\/>\n\n\n\n<div style=\"height:34px\" aria-hidden=\"true\" class=\"wp-block-spacer\"><\/div>\n\n\n\n<p>El ciberstalking es un tipo de violencia psicol\u00f3gica que se manifiesta a trav\u00e9s de la vigilancia constante en l\u00ednea de la actividad en redes sociales, el env\u00edo persistente de mensajes no deseados o la creaci\u00f3n de perfiles falsos para espiar a una persona o un grupo de personas. La percepci\u00f3n constante de estar bajo vigilancia genera un gran impacto emocional e inseguridad, este acoso, espionaje o persecuci\u00f3n se da usando Internet u otro dispositivo electr\u00f3nico.<\/p>\n\n\n\n<p>Este acoso puede darse con investigaci\u00f3n constante de informaci\u00f3n de la persona o grupo, implica un seguimiento constante en redes sociales, revisando perfiles, comentando y compartiendo publicaciones para generar acusaciones falsas, espionaje, amenazas, robo de identidad y da\u00f1o a la informaci\u00f3n.<\/p>\n\n\n\n<hr class=\"wp-block-separator has-alpha-channel-opacity\"\/>\n\n\n\n<div class=\"wp-block-columns is-layout-flex wp-container-core-columns-is-layout-28f84493 wp-block-columns-is-layout-flex\">\n<div class=\"wp-block-column is-layout-flow wp-block-column-is-layout-flow\"><\/div>\n\n\n\n<div class=\"wp-block-column is-layout-flow wp-block-column-is-layout-flow\"><\/div>\n<\/div>\n","protected":false},"excerpt":{"rendered":"<p>&nbsp;Stalking digital, cyberstalking, o ciberpersecuci\u00f3n: Vigilancia obsesiva de la actividad online de una persona o grupo, con mensajes insistentes o invasivos. El ciberstalking es un tipo de violencia psicol\u00f3gica que se manifiesta a trav\u00e9s de la vigilancia constante en l\u00ednea de la actividad en redes sociales, el env\u00edo persistente de mensajes no deseados o la creaci\u00f3n de perfiles falsos para espiar a una persona o un grupo de personas. La percepci\u00f3n constante de estar bajo vigilancia genera un gran impacto emocional e inseguridad, este acoso, espionaje o persecuci\u00f3n se da usando Internet u otro dispositivo electr\u00f3nico. Este acoso puede darse con investigaci\u00f3n constante de informaci\u00f3n de la persona o grupo, implica un seguimiento constante en redes sociales, revisando perfiles, comentando y compartiendo publicaciones para generar acusaciones falsas, espionaje, amenazas, robo de identidad y da\u00f1o a la informaci\u00f3n.<\/p>\n","protected":false},"author":1,"featured_media":0,"parent":0,"menu_order":0,"comment_status":"closed","ping_status":"closed","template":"","meta":{"footnotes":""},"class_list":["post-1232","page","type-page","status-publish","hentry"],"_hostinger_reach_plugin_has_subscription_block":false,"_hostinger_reach_plugin_is_elementor":false,"_links":{"self":[{"href":"https:\/\/ciberfiloginia.online\/index.php\/wp-json\/wp\/v2\/pages\/1232","targetHints":{"allow":["GET"]}}],"collection":[{"href":"https:\/\/ciberfiloginia.online\/index.php\/wp-json\/wp\/v2\/pages"}],"about":[{"href":"https:\/\/ciberfiloginia.online\/index.php\/wp-json\/wp\/v2\/types\/page"}],"author":[{"embeddable":true,"href":"https:\/\/ciberfiloginia.online\/index.php\/wp-json\/wp\/v2\/users\/1"}],"replies":[{"embeddable":true,"href":"https:\/\/ciberfiloginia.online\/index.php\/wp-json\/wp\/v2\/comments?post=1232"}],"version-history":[{"count":4,"href":"https:\/\/ciberfiloginia.online\/index.php\/wp-json\/wp\/v2\/pages\/1232\/revisions"}],"predecessor-version":[{"id":1457,"href":"https:\/\/ciberfiloginia.online\/index.php\/wp-json\/wp\/v2\/pages\/1232\/revisions\/1457"}],"wp:attachment":[{"href":"https:\/\/ciberfiloginia.online\/index.php\/wp-json\/wp\/v2\/media?parent=1232"}],"curies":[{"name":"wp","href":"https:\/\/api.w.org\/{rel}","templated":true}]}}