{"id":1227,"date":"2026-01-06T19:40:32","date_gmt":"2026-01-07T00:40:32","guid":{"rendered":"https:\/\/lightgoldenrodyellow-mule-638612.hostingersite.com\/?page_id=1227"},"modified":"2026-01-12T19:16:27","modified_gmt":"2026-01-13T00:16:27","slug":"abuso-explotacion-y-o-trata-de-mujeres-y-ninas-por-medio-de-las-tecnologia","status":"publish","type":"page","link":"https:\/\/ciberfiloginia.online\/index.php\/abuso-explotacion-y-o-trata-de-mujeres-y-ninas-por-medio-de-las-tecnologia\/","title":{"rendered":"Abuso, explotaci\u00f3n y\/o trata de mujeres y ni\u00f1as por medio de las tecnolog\u00eda"},"content":{"rendered":"<div class=\"wp-block-image\">\n<figure class=\"aligncenter size-full\"><img loading=\"lazy\" decoding=\"async\" width=\"258\" height=\"289\" src=\"https:\/\/ciberfiloginia.online\/wp-content\/uploads\/2026\/01\/trata.png\" alt=\"\" class=\"wp-image-1290\"\/><\/figure>\n<\/div>\n\n\n<div style=\"height:26px\" aria-hidden=\"true\" class=\"wp-block-spacer\"><\/div>\n\n\n\n<hr class=\"wp-block-separator has-alpha-channel-opacity\"\/>\n\n\n\n<h2 class=\"wp-block-heading alignwide has-text-align-center\" id=\"we-re-a-studio-in-berlin-with-an-international-practice-in-architecture-urban-planning-and-interior-design-we-believe-in-sharing-knowledge-and-promoting-dialogue-to-increase-the-creative-potential-of-collaboration\" style=\"font-size:48px;line-height:1.1\">Es una forma de violencia en l\u00ednea que utiliza las tecnolog\u00edas para ejercer poder y control sobre una persona mediante la explotaci\u00f3n sexual de su imagen o cuerpo, contra su voluntad.<\/h2>\n\n\n\n<hr class=\"wp-block-separator has-alpha-channel-opacity\"\/>\n\n\n\n<div style=\"height:45px\" aria-hidden=\"true\" class=\"wp-block-spacer\"><\/div>\n\n\n\n<p>Esta forma de violencia en l\u00ednea implica la intermediaci\u00f3n de las tecnolog\u00edas para el ejercicio de poder sobre una persona a partir de la explotaci\u00f3n sexual de su imagen o de su cuerpo contra su voluntad. Algunas de las conductas incluidas en esta forma de violencia son las siguientes:<\/p>\n\n\n\n<ul class=\"wp-block-list\">\n<li>El uso de tecnolog\u00edas para seleccionar y enganchar mujeres y ni\u00f1as con fines de abuso sexual o trata, obligarlas a aceptar situaciones de trata y abuso sexual, ejercer poder y control sobre ellas o impedirles que se liberen del abuso, incluso con amenazas de revelar informaci\u00f3n privada.<\/li>\n\n\n\n<li>La publicaci\u00f3n de im\u00e1genes sexuales sin el consentimiento de una persona para fines de comercializaci\u00f3n y prostituci\u00f3n.<\/li>\n<\/ul>\n\n\n\n<div style=\"height:45px\" aria-hidden=\"true\" class=\"wp-block-spacer\"><\/div>\n\n\n\n<div class=\"wp-block-columns alignwide is-layout-flex wp-container-core-columns-is-layout-d2da2050 wp-block-columns-is-layout-flex\" style=\"margin-bottom:0\">\n<div class=\"wp-block-column has-text-color has-background has-link-color wp-elements-baa2a1be1fd456f3a69bdf2c652465d6 is-layout-flow wp-block-column-is-layout-flow\" style=\"color:#000000;background-color:#a6c61a;padding-top:2em;padding-right:2em;padding-bottom:2em;padding-left:2em\">\n<h2 class=\"wp-block-heading\" id=\"single\" style=\"font-size:40px\"><strong><strong>\u00bfQu\u00e9 es<\/strong> <strong>grooming o ciberenga\u00f1o?<\/strong><\/strong><\/h2>\n\n\n<div class=\"wp-block-image\">\n<figure class=\"alignleft size-full is-resized\"><img loading=\"lazy\" decoding=\"async\" width=\"275\" height=\"432\" src=\"https:\/\/ciberfiloginia.online\/wp-content\/uploads\/2026\/01\/grooming.png\" alt=\"\" class=\"wp-image-1435\" style=\"width:135px;height:auto\"\/><\/figure>\n<\/div>\n\n\n<p class=\"has-normal-font-size\" style=\"line-height:1.5\">Pederasta, es decir, actos deliberados de un adulto para acercarse a una persona menor de edad (posiblemente cultivando una conexi\u00f3n sentimental) con el objetivo de establecer una relaci\u00f3n y un control emocional que le permita cometer abusos sexuales, entablar relaciones virtuales, obtener pornograf\u00eda infantil o traficar al o la menor.<\/p>\n<\/div>\n<\/div>\n\n\n\n<div style=\"height:45px\" aria-hidden=\"true\" class=\"wp-block-spacer\"><\/div>\n\n\n\n<div class=\"wp-block-columns alignwide is-layout-flex wp-container-core-columns-is-layout-d2da2050 wp-block-columns-is-layout-flex\" style=\"margin-bottom:0\">\n<div class=\"wp-block-column has-text-color has-background has-link-color wp-elements-5e71fab25f411c14e6cd273dca051fd1 is-layout-flow wp-block-column-is-layout-flow\" style=\"color:#000000;background-color:#8a3a67;padding-top:2em;padding-right:2em;padding-bottom:2em;padding-left:2em\">\n<h2 class=\"wp-block-heading has-text-align-left\" id=\"single\" style=\"font-size:40px\"><strong>&nbsp;<strong>\u00bfQu\u00e9 es la sextorsi\u00f3n?<\/strong><\/strong><\/h2>\n\n\n<div class=\"wp-block-image\">\n<figure class=\"alignleft size-full is-resized\"><img loading=\"lazy\" decoding=\"async\" width=\"320\" height=\"567\" src=\"https:\/\/ciberfiloginia.online\/wp-content\/uploads\/2026\/01\/sextorsion.png\" alt=\"\" class=\"wp-image-1436\" style=\"width:162px;height:auto\"\/><\/figure>\n<\/div>\n\n\n<p class=\"has-normal-font-size\" style=\"line-height:1.5\">La sextorsi\u00f3n consiste en amenazar a una persona con difundir im\u00e1genes o videos \u00edntimos con la finalidad de obtener m\u00e1s material sobre actos sexuales expl\u00edcitos, mantener relaciones sexuales o sonsacar dinero. Esta forma de violencia afecta desproporcionadamente a las mujeres y, con pocas excepciones, es perpetrada por lo general por personas que se identifican como hombres.<\/p>\n\n\n\n<p class=\"has-normal-font-size\" style=\"line-height:1.5\">Esta forma de violencia ha tenido un crecimiento exponencial durante los \u00faltimos a\u00f1os y puede llevarse a cabo de m\u00faltiples formas: desde hackers que env\u00edan correos en los que exigen dinero para no publicar im\u00e1genes y videos \u00edntimos supuestamente tomados de forma remota activando la c\u00e1mara de un dispositivo hasta parejas o ex parejas \u00edntimas que hacen sextorsi\u00f3n para su propia gratificaci\u00f3n sexual.<\/p>\n<\/div>\n<\/div>\n\n\n\n<div style=\"height:42px\" aria-hidden=\"true\" class=\"wp-block-spacer\"><\/div>\n\n\n\n<hr class=\"wp-block-separator has-alpha-channel-opacity\"\/>\n\n\n\n<div class=\"wp-block-columns is-layout-flex wp-container-core-columns-is-layout-28f84493 wp-block-columns-is-layout-flex\">\n<div class=\"wp-block-column is-layout-flow wp-block-column-is-layout-flow\"><\/div>\n\n\n\n<div class=\"wp-block-column is-layout-flow wp-block-column-is-layout-flow\"><\/div>\n<\/div>\n","protected":false},"excerpt":{"rendered":"<p>Es una forma de violencia en l\u00ednea que utiliza las tecnolog\u00edas para ejercer poder y control sobre una persona mediante la explotaci\u00f3n sexual de su imagen o cuerpo, contra su voluntad. Esta forma de violencia en l\u00ednea implica la intermediaci\u00f3n de las tecnolog\u00edas para el ejercicio de poder sobre una persona a partir de la explotaci\u00f3n sexual de su imagen o de su cuerpo contra su voluntad. Algunas de las conductas incluidas en esta forma de violencia son las siguientes: \u00bfQu\u00e9 es grooming o ciberenga\u00f1o? Pederasta, es decir, actos deliberados de un adulto para acercarse a una persona menor de edad (posiblemente cultivando una conexi\u00f3n sentimental) con el objetivo de establecer una relaci\u00f3n y un control emocional que le permita cometer abusos sexuales, entablar relaciones virtuales, obtener pornograf\u00eda infantil o traficar al o la menor. &nbsp;\u00bfQu\u00e9 es la sextorsi\u00f3n? La sextorsi\u00f3n consiste en amenazar a una persona con difundir im\u00e1genes o videos \u00edntimos con la finalidad de obtener m\u00e1s material sobre actos sexuales expl\u00edcitos, mantener relaciones sexuales o sonsacar dinero. Esta forma de violencia afecta desproporcionadamente a las mujeres y, con pocas excepciones, es perpetrada por lo general por personas que se identifican como hombres. Esta forma de violencia ha tenido un crecimiento exponencial durante los \u00faltimos a\u00f1os y puede llevarse a cabo de m\u00faltiples formas: desde hackers que env\u00edan correos en los que exigen dinero para no publicar im\u00e1genes y videos \u00edntimos supuestamente tomados de forma remota activando la c\u00e1mara de un dispositivo hasta parejas o ex parejas \u00edntimas que hacen sextorsi\u00f3n para su propia gratificaci\u00f3n sexual.<\/p>\n","protected":false},"author":1,"featured_media":0,"parent":0,"menu_order":0,"comment_status":"closed","ping_status":"closed","template":"","meta":{"footnotes":""},"class_list":["post-1227","page","type-page","status-publish","hentry"],"_hostinger_reach_plugin_has_subscription_block":false,"_hostinger_reach_plugin_is_elementor":false,"_links":{"self":[{"href":"https:\/\/ciberfiloginia.online\/index.php\/wp-json\/wp\/v2\/pages\/1227","targetHints":{"allow":["GET"]}}],"collection":[{"href":"https:\/\/ciberfiloginia.online\/index.php\/wp-json\/wp\/v2\/pages"}],"about":[{"href":"https:\/\/ciberfiloginia.online\/index.php\/wp-json\/wp\/v2\/types\/page"}],"author":[{"embeddable":true,"href":"https:\/\/ciberfiloginia.online\/index.php\/wp-json\/wp\/v2\/users\/1"}],"replies":[{"embeddable":true,"href":"https:\/\/ciberfiloginia.online\/index.php\/wp-json\/wp\/v2\/comments?post=1227"}],"version-history":[{"count":10,"href":"https:\/\/ciberfiloginia.online\/index.php\/wp-json\/wp\/v2\/pages\/1227\/revisions"}],"predecessor-version":[{"id":1530,"href":"https:\/\/ciberfiloginia.online\/index.php\/wp-json\/wp\/v2\/pages\/1227\/revisions\/1530"}],"wp:attachment":[{"href":"https:\/\/ciberfiloginia.online\/index.php\/wp-json\/wp\/v2\/media?parent=1227"}],"curies":[{"name":"wp","href":"https:\/\/api.w.org\/{rel}","templated":true}]}}